)/(-570) + (-2)/(-15) a composite number?
False
Let y = -3 - -8. Let w(c) = -c**3 + 4*c**2 + 5*c + 1. Let u be w(y). Suppose -u = 3*l - 262. Is l a prime number?
False
Let f(n) = 36*n - 5. Let j(z) = 36*z - 5. Let t(g) = 3*f(g) - 2*j(g). Is t(7) composite?
True
Let x = 10317 - -21500. Is x a prime number?
True
Suppose 3*i = -j + 12307, 20*j + 20497 = 5*i + 18*j. Is i composite?
True
Let m be 0*1/2 - -18. Suppose -17*o - 219 = -m*o. Is o prime?
False
Let v(n) = 2*n**3 - 14*n**2 + 42*n + 71. Is v(20) a prime number?
True
Suppose 2*p + 3*p - 188730 = -5*s, 5*s - 188736 = p. Is s prime?
True
Let m(u) = -u**3 - 12*u**2 + 12*u - 13. Let j be m(-13). Suppose j = 2*h - 4*h + 262. Suppose o = -4*z + h, 0 = 4*o + z - 2*z - 439. Is o composite?
True
Let l be (78/4)/(6/16). Suppose -16*r = -29*r + 1755. Let h = r + l. Is h composite?
True
Suppose -4*m = m - 5*a - 1600, 5*a - 1550 = -5*m. Suppose 4*k - 952 - 272 = 4*c, -k + m = 2*c. Is k a prime number?
False
Suppose 3*q - 9 = 6. Suppose -4*f = -4*c + 24, 10 = -q*c - 4*f + f. Is ((-242)/6)/(c/(-3)) composite?
True
Let j(y) = -2*y**3 - 6*y**2 + 7*y + 12. Let w be j(-5). Suppose -w = -2*a + 97. Is a a composite number?
True
Let u(a) = 2*a**3 + 2*a**2 - 12*a + 5. Let c = 11 + -3. Is u(c) composite?
False
Is ((-4)/5*(-104140)/(-8))/(-2) a prime number?
False
Let y = -7290 + 11297. Is y composite?
False
Let u(c) = -198*c - 3. Let f be u(7). Let d = 2815 + f. Suppose 0 = 2*r - d + 532. Is r prime?
False
Suppose -5*n = -0*f - 3*f + 10072, 0 = 2*f + 3*n - 6721. Is f a prime number?
True
Let p = 2293 + 1831. Let m = p + -2131. Is m a prime number?
True
Let d(c) = 2*c**3 + 12*c**2 + 4*c + 11. Is d(8) composite?
True
Let j be 11493/(-12) - (-2)/(-8). Is 0 - 2*j/4 a prime number?
True
Let a = -39 - -207. Suppose 3*l - 261 = a. Is l prime?
False
Let d(o) = -o**2 - 6*o - 5. Let j be d(-3). Suppose -27 = -3*y + f + 3*f, 0 = 5*y - f - 28. Suppose j*b = 3*a - b - 801, 3*a - 801 = -y*b. Is a composite?
True
Let w(u) be the third derivative of -u**6/120 + 19*u**5/60 - 2*u**4/3 - u**3/2 + 9*u**2. Is w(17) prime?
False
Let h = 33 + -129. Let m = h - -134. Is m composite?
True
Let o be (1/2)/(12/264). Is (-1)/3*(o - 1934) prime?
True
Is 2814584/266 - (-2)/(-14) prime?
False
Suppose 4*r + 27985 = 9*r + 2*f, 3*r + 5*f = 16772. Is r composite?
True
Suppose 3*u = 27 - 21. Suppose 0 = -u*y + f + 2723, f - 1357 = -y - 3*f. Is y prime?
True
Let s(q) = -15*q**3 - q**2 + 1. Suppose 4*m + 4*o + 24 = -0*o, 4*o = -20. Is s(m) prime?
False
Let l be 4626/3*(2 - (-15)/(-9)). Let s = 831 - l. Is s a prime number?
True
Let q = 21 - 19. Suppose -a = q*s - 17, -5*a - 13 = -s - 3*s. Is s composite?
False
Let w(f) = 61*f**2 + f - 3. Let j(d) = d + 6. Let b be j(-8). Is w(b) a prime number?
True
Let r = -1 + 20. Let f = 22 - r. Suppose f*a + 2*a - 1685 = 0. Is a prime?
True
Let g be (434/(-21))/((-3)/9). Is (-4 + g/4)/((-2)/(-68)) prime?
False
Let c(y) = -50*y - 15. Let z(m) = -m**3 + 9*m**2 + m - 19. Let u be z(9). Is c(u) prime?
False
Suppose 4*r = 3*r - 3*j - 9, 4*j + 12 = -r. Suppose r = 5*d - 4738 - 697. Is d a prime number?
True
Let d be 5 + 9 - (3 - 1). Is (-1544)/(-6) - 4/d composite?
False
Suppose 3*p = 2*m - 9861, m - 4926 = -5*p + 2*p. Let t = 7692 - m. Is (-2)/(-2)*t/9 prime?
True
Let o(i) = -60*i - 1. Suppose 0 = 3*y - 6 - 3. Suppose 4 = -a - y*a. Is o(a) prime?
True
Suppose -6*u + 24 = -2*u. Is (2/u)/((-5)/(-2175)) a composite number?
True
Suppose -101*n + 34*n = -1185431. Is n composite?
True
Let v = -3 - 2. Is 16/(-20) + (-639)/v composite?
False
Let t = 11 - 6. Suppose -w + 15 = -2*w + 3*r, -4*w + r = t. Is w - (-1 + 1 + -23) a composite number?
False
Suppose 2*v - 4*v = -c + 13, -c = 5*v + 15. Suppose c*p - 1463 = 4*w, 31 = p - w - 261. Is p composite?
True
Let i(s) = -7*s - 4. Let q(j) = -6*j - 3. Let z(o) = -4*i(o) + 5*q(o). Let f be z(-2). Suppose -f*x + 790 = 5*y + 205, -4*x + 3*y = -454. Is x a prime number?
False
Suppose -22*x = -25*x - 3*u + 22830, u + 22842 = 3*x. Is x a prime number?
False
Let l be (-1)/(1/(-9)) + (-54)/18. Suppose l*h + 1986 = 13908. Is h prime?
True
Let g(h) = 5*h - 639. Let b(v) = 25*v - 3196. Let u(j) = -2*b(j) + 11*g(j). Let q(p) = -9*p + 1273. Let s(k) = 6*q(k) + 11*u(k). Is s(0) a composite number?
False
Let r(c) be the first derivative of 3*c + 3/4*c**4 - c**2 + c**3 + 5. Is r(4) prime?
False
Let c = 13 + -10. Is 1/(((-3)/4959)/((-1)/c)) a composite number?
True
Let z = 16 + -11. Suppose -z*x - p - 2*p = -3785, -p = -2*x + 1514. Suppose -h = -2*u + 5*u - x, 3*u - 765 = 3*h. Is u a composite number?
True
Let d(h) = h**2 + 4*h + 3. Let n be d(-3). Let m be -6*(2/3 + n). Is 35 - (12/m - -4) prime?
False
Suppose 62032 = -2*h + 6*h + 3*s, 0 = 2*h + 3*s - 31010. Is h composite?
False
Let i = 8001 - 1064. Is i composite?
True
Let m(g) = -112*g + 43. Let s be 8/1*(-40)/32. Is m(s) prime?
True
Let f = -31 + 5. Let i be ((-3)/2)/(3/(-78)). Let r = f + i. Is r a prime number?
True
Let q(y) = -2*y - 4. Let u be q(-4). Suppose 2*p = p - u. Let c(o) = -5*o**3 + 6*o**2 + 6*o - 1. Is c(p) prime?
False
Let k(f) = -f**3 + 8*f - 36*f + 7*f**2 + 16*f + 4. Let h be k(5). Is 585 + (-2)/h*6 composite?
False
Let p = -12 + 16. Suppose -2*a = -7*a + 3*q + 5, -2*a = -p*q - 2. Is a/(3/(-837)*-3) a composite number?
True
Suppose 2*l = 4*h + 4214, 2*l = -0*l - h + 4199. Is l a composite number?
True
Suppose -3*o + 152 = 2*o - p, 0 = 3*p + 6. Suppose y + 0*y = -3*b - 35, y = -2*b - o. Is 7/4*-1*y a prime number?
False
Suppose -2*m - 10 = 5*v, -3*v + 6 = 4*m - 2. Is (10 - -1)*8 - (-12)/v a prime number?
False
Let s(x) = 8*x**3 - 5*x**2 - x - 9. Let i(l) = -41*l**3 + 25*l**2 + 4*l + 46. Let c(o) = -2*i(o) - 11*s(o). Is c(-3) composite?
True
Let h be (-16)/(-6)*(-6)/(-4). Suppose 2*n + i - 782 = n, -i = -h*n + 3123. Is n prime?
False
Let n be ((-2)/2)/((-1)/(-1)). Let c(f) = -481*f**3 - f**2 + 2*f + 3. Is c(n) composite?
True
Let o = -34 + 29. Let r(j) = -j**3 - 7*j**2 - 7. Let u be r(o). Let p = u - -236. Is p composite?
False
Suppose 0 = -4*x + c + 48, 5*c = -4*x + 13 + 35. Suppose 3*a - x = 3*w, -2*w = -3*a + 1 + 6. Is a - 1 - (-79 - 2) composite?
False
Let k(w) = w**3 - w + 1. Let a be k(2). Let g be 12*((-364)/(-16))/a. Suppose x = -0*x + g. Is x composite?
True
Suppose -3*t + 7*z = 8*z - 2019, -4*z = 0. Is t prime?
True
Let c = -1306 + 625. Let a = -364 - c. Is a prime?
True
Let j be (-323 - -5)*2/(-6). Suppose -26 + j = 2*a - 4*g, 4*g = a - 30. Suppose -2*u = 3*u - a. Is u a composite number?
True
Is 3/(-12) - 1917/(-36) prime?
True
Is (-292986 - -10 - -11)*(-1)/3 composite?
True
Let m = -509 - -1236. Suppose -3*b - 76 = -m. Is b a composite number?
True
Let m(j) = 10*j**3 - 15*j**2 - 10*j + 97. Is m(6) composite?
False
Suppose -15 = 8*y - 3*y. Let o(q) = 274*q**2 - 3. Is o(y) a composite number?
True
Let j be 307/((2 + -3)*1). Let q = 102 - j. Is q a composite number?
False
Is ((-12)/8)/(1 + (-3421)/3418) composite?
False
Let y = 8308 - 4290. Let x = y + -631. Is x composite?
True
Is 18929 + (-4 + 3)*(0 - 0) prime?
False
Suppose -5*q + 25 = 0, 0 = -3*s + 380*q - 385*q + 9451. Is s a composite number?
True
Let y(w) = 30*w - 194. Is y(26) a prime number?
False
Let s = 888 - -509. Is s prime?
False
Let h(l) = l**3 - 7*l**2 + 7*l - 51. Suppose -t + 16 = -2. Is h(t) a composite number?
True
Is (1267777/(-196))/(15/(-12) - -1) a prime number?
True
Suppose 16*s - 2*q = 17*s - 9089, 0 = 4*q + 4. Is s a composite number?
False
Suppose 2*t + 4*d = 10, t + 1 = 5*d + 6. Let y be 22468/20 - 2/t. Suppose -3*j - 3*p + 353 = -310, 5*j - 4*p = y. Is j prime?
True
Let j(s) = -81*s - 77. Is j(-10) composite?
False
Let a(t) = 8*t - 5. Let i be a(5). Suppose -3*v + i = 2*v. Suppose -298 = 5*b - v*b. Is b composite?
False
Let t = -545 - -919. Suppose m - 3*m = -t. Is m a composite number?
True
Let c = 8 - 6. Let l = 7 - 2. Suppose 4*f + 144 = 3*z - c, 0 = l*z - f - 232. Is z prime?
False
Let m(n) = -529*n - 187. Is m(-32) composite?
False
Suppose 4*j + 21 = 4*i - 9*i, -4*i + 8 = -3*j. Is 1797/5 + (j/10 - 0) prime?
True
Let z(r) = 39*r + 4. Let s(n) = 8*n + 1. Let a(j) = 22*s(j) - 4*z(j). Is a(5) composite?
True
Let l = 13 + -16. Suppose 0 = j + j - 5*i - 19, i + 3 = 0. Is (-5551)/(-21) - j/l a composite number?
True
Let t be (-4)/6 - (-68)/